{"id":249,"date":"2025-01-18T12:55:11","date_gmt":"2025-01-18T11:55:11","guid":{"rendered":"https:\/\/aujourdhui-jean-moulin.fr\/?page_id=249"},"modified":"2025-11-18T09:50:52","modified_gmt":"2025-11-18T08:50:52","slug":"nos-missions","status":"publish","type":"page","link":"https:\/\/aujourdhui-jean-moulin.fr\/index.php\/nos-missions\/","title":{"rendered":"Nos missions"},"content":{"rendered":"\n<p class=\"has-text-align-center\"><em><em>Que le flambeau de la m\u00e9moire guide nos actions pr\u00e9sentes et \u00e9claire notre avenir.<\/em><\/em><\/p>\n\n\n\n<div class=\"wp-block-group alignfull is-layout-constrained wp-block-group-is-layout-constrained\" style=\"margin-top:0px;margin-bottom:0px;padding-top:64px;padding-bottom:64px\">\n<div class=\"wp-block-columns alignwide are-vertically-aligned-top is-layout-flex wp-container-core-columns-is-layout-1 wp-block-columns-is-layout-flex\">\n<div class=\"wp-block-column is-vertically-aligned-top is-layout-flow wp-block-column-is-layout-flow\">\n<hr class=\"wp-block-separator has-alpha-channel-opacity is-style-wide\"\/>\n\n\n\n<h2 class=\"wp-block-heading has-medium-font-size\">Comm\u00e9morer le pass\u00e9<\/h2>\n\n\n\n<p>Afin que la m\u00e9moire de la R\u00e9sistance, de la Lib\u00e9ration et de la d\u00e9portation ne s&rsquo;\u00e9teigne jamais, nous la perp\u00e9tuons aupr\u00e8s des jeunes g\u00e9n\u00e9rations.<\/p>\n<\/div>\n\n\n\n<div class=\"wp-block-column is-vertically-aligned-top is-layout-flow wp-block-column-is-layout-flow\">\n<hr class=\"wp-block-separator has-alpha-channel-opacity is-style-wide\"\/>\n\n\n\n<h2 class=\"wp-block-heading has-medium-font-size\">Agir au pr\u00e9sent<\/h2>\n\n\n\n<p>Avec l\u2019esprit r\u00e9publicain de Jean Moulin comme boussole, nous \u0153uvrons pour favoriser le lien social, le respect et la solidarit\u00e9.<\/p>\n<\/div>\n\n\n\n<div class=\"wp-block-column is-vertically-aligned-top is-layout-flow wp-block-column-is-layout-flow\">\n<hr class=\"wp-block-separator has-alpha-channel-opacity is-style-wide\"\/>\n\n\n\n<h2 class=\"wp-block-heading has-medium-font-size\">Pr\u00e9parer l&rsquo;avenir<\/h2>\n\n\n\n<p>Pour faire face aux d\u00e9fis de notre \u00e9poque, nous encourageons une participation constructive \u00e0 la vie d\u00e9mocratique, en s\u2019appuyant sur les enseignements du pass\u00e9.<\/p>\n<\/div>\n<\/div>\n<\/div>\n\n\n\n<h2 class=\"wp-block-heading\" id=\"Pass\u00e9\" style=\"font-size:38px;line-height:1.4\"><strong>Comm\u00e9morer le pass\u00e9<\/strong><\/h2>\n\n\n\n<div class=\"wp-block-columns is-layout-flex wp-container-core-columns-is-layout-2 wp-block-columns-is-layout-flex\">\n<div class=\"wp-block-column is-layout-flow wp-block-column-is-layout-flow\">\n<p style=\"font-size:18px\">Notre association a pour mission de comm\u00e9morer la m\u00e9moire de celles et ceux qui ont r\u00e9sist\u00e9 contre le nazisme, le fascisme et le r\u00e9gime de Vichy pour lib\u00e9rer la France ainsi que la m\u00e9moire des victimes de la d\u00e9portation. En particulier, nous souhaitons mettre en avant la figure de Jean Moulin qui est un symbole majeur de la R\u00e9sistance. En effet, comme l\u2019a si bien d\u00e9clam\u00e9 Andr\u00e9 Malraux lors de son entr\u00e9e au Panth\u00e9on en 1964, il y est entr\u00e9 avec son \u201c<em>terrible cort\u00e8ge. Avec ceux qui sont morts dans les caves sans avoir parl\u00e9, comme toi ; et m\u00eame, ce qui est peut-\u00eatre plus atroce, en ayant parl\u00e9 ; avec tous les ray\u00e9s et tous les tondus des camps de concentration, avec le dernier corps tr\u00e9buchant des affreuses files de Nuit et Brouillard, enfin tomb\u00e9 sous les crosses ; avec les huit mille Fran\u00e7aises qui ne sont pas revenues des bagnes, avec la derni\u00e8re femme morte \u00e0 Ravensbr\u00fcck pour avoir donn\u00e9 asile \u00e0 l&rsquo;un des n\u00f4tres. Entre, avec le peuple n\u00e9 de l&rsquo;ombre et disparu avec elle\u201d<\/em>. En participant \u00e0 ce devoir de m\u00e9moire et \u00e0 la compr\u00e9hension du pass\u00e9, nous voulons contribuer \u00e0 transmettre aux jeunes g\u00e9n\u00e9rations le flambeau des valeurs r\u00e9publicaines, de libert\u00e9, d\u2019\u00e9galit\u00e9 et de fraternit\u00e9.<\/p>\n\n\n\n<p style=\"font-size:18px\"><\/p>\n<\/div>\n<\/div>\n\n\n\n<h2 class=\"wp-block-heading\" id=\"Pr\u00e9sent\" style=\"font-size:38px;line-height:1.4\"> <strong>Agir au pr\u00e9sent<\/strong><\/h2>\n\n\n\n<div class=\"wp-block-columns is-layout-flex wp-container-core-columns-is-layout-3 wp-block-columns-is-layout-flex\">\n<div class=\"wp-block-column is-layout-flow wp-block-column-is-layout-flow\">\n<p style=\"font-size:18px\">Dans un monde souvent marqu\u00e9 par l&rsquo;indiff\u00e9rence, les antagonismes et la mont\u00e9e de l\u2019individualisme, renforc\u00e9s par un cloisonnement social, \u00e9conomique et algorithmique, Jean Moulin continue d&rsquo;inspirer. Son courage et son altruisme, sa capacit\u00e9 \u00e0 rassembler au-del\u00e0 des divisions, comme il le soulignait \u00ab\u00a0<em>Messieurs, au-dessus de nos divisions, il y a la France<\/em>\u00ab\u00a0, nous rappellent que le dialogue, l&rsquo;unit\u00e9 et la solidarit\u00e9 sont essentiels. Notre association s&rsquo;inscrit dans cette dynamique en cherchant \u00e0 favoriser le lien social et \u00e0 promouvoir l\u2019\u00e9coute, le respect et la solidarit\u00e9. Nous croyons que l&rsquo;inclusion de tous, en particulier des jeunes et des personnes en situation de vuln\u00e9rabilit\u00e9, est indispensable pour construire un avenir commun et entretenir la coh\u00e9sion sociale, pilier indispensable \u00e0 la vitalit\u00e9 de notre pays.&nbsp;<\/p>\n\n\n\n<p style=\"font-size:18px\"><\/p>\n<\/div>\n<\/div>\n\n\n\n<h2 class=\"wp-block-heading\" id=\"Futur\" style=\"font-size:38px;line-height:1.4\"><strong><strong>Pr\u00e9parer l\u2019avenir<\/strong><\/strong><\/h2>\n\n\n\n<div class=\"wp-block-columns is-layout-flex wp-container-core-columns-is-layout-4 wp-block-columns-is-layout-flex\">\n<div class=\"wp-block-column is-layout-flow wp-block-column-is-layout-flow\">\n<p style=\"font-size:18px\">Les \u00e9v\u00e9nements du pass\u00e9 nous ont appris que l&rsquo;Histoire peut se r\u00e9p\u00e9ter si elle sombre dans les oubliettes de nos m\u00e9moires. L&rsquo;h\u00e9ritage de celles et ceux qui se sont battus pour la libert\u00e9 nous incite \u00e0 cultiver un avenir de paix, de justice et de respect des droits humains. Si l\u2019avenir se pr\u00e9pare \u00e0 la lumi\u00e8re du pass\u00e9, c\u2019est aussi l\u2019\u00e9clairage du pr\u00e9sent qui importe. A l\u2019heure de la post-v\u00e9rit\u00e9, de la propagation de fausses informations et du retour de la guerre en Europe, les sources de d\u00e9stabilisation de notre soci\u00e9t\u00e9 sont nombreuses. Elle doit aussi surmonter des enjeux complexes en mati\u00e8re num\u00e9rique, sociale ou environnementale. Pour y parvenir, un d\u00e9bat d\u00e9mocratique apais\u00e9 et avis\u00e9 est n\u00e9cessaire. Cela implique d\u2019apprendre \u00e0 r\u00e9fl\u00e9chir et \u00e0 se parler collectivement. Nous encourageons les citoyens, en particulier les jeunes, \u00e0 d\u00e9velopper leur esprit critique pour exprimer leurs id\u00e9es de mani\u00e8re constructive pour pr\u00e9server la d\u00e9mocratie.<\/p>\n\n\n\n<p style=\"font-size:18px\"><\/p>\n<\/div>\n<\/div>\n","protected":false},"excerpt":{"rendered":"<p>Que le flambeau de la m\u00e9moire guide nos actions pr\u00e9sentes et \u00e9claire notre avenir. Comm\u00e9morer le pass\u00e9 Notre association a pour mission de comm\u00e9morer la m\u00e9moire de celles et ceux qui ont r\u00e9sist\u00e9 contre le nazisme, le fascisme et le r\u00e9gime de Vichy pour lib\u00e9rer la France ainsi que la m\u00e9moire des victimes de la [&hellip;]<\/p>\n","protected":false},"author":1,"featured_media":0,"parent":0,"menu_order":0,"comment_status":"closed","ping_status":"closed","template":"","meta":{"footnotes":""},"class_list":["post-249","page","type-page","status-publish","hentry"],"_links":{"self":[{"href":"https:\/\/aujourdhui-jean-moulin.fr\/index.php\/wp-json\/wp\/v2\/pages\/249","targetHints":{"allow":["GET"]}}],"collection":[{"href":"https:\/\/aujourdhui-jean-moulin.fr\/index.php\/wp-json\/wp\/v2\/pages"}],"about":[{"href":"https:\/\/aujourdhui-jean-moulin.fr\/index.php\/wp-json\/wp\/v2\/types\/page"}],"author":[{"embeddable":true,"href":"https:\/\/aujourdhui-jean-moulin.fr\/index.php\/wp-json\/wp\/v2\/users\/1"}],"replies":[{"embeddable":true,"href":"https:\/\/aujourdhui-jean-moulin.fr\/index.php\/wp-json\/wp\/v2\/comments?post=249"}],"version-history":[{"count":16,"href":"https:\/\/aujourdhui-jean-moulin.fr\/index.php\/wp-json\/wp\/v2\/pages\/249\/revisions"}],"predecessor-version":[{"id":809,"href":"https:\/\/aujourdhui-jean-moulin.fr\/index.php\/wp-json\/wp\/v2\/pages\/249\/revisions\/809"}],"wp:attachment":[{"href":"https:\/\/aujourdhui-jean-moulin.fr\/index.php\/wp-json\/wp\/v2\/media?parent=249"}],"curies":[{"name":"wp","href":"https:\/\/api.w.org\/{rel}","templated":true}]}}